 3. Let v be u(q). What is the greatest common divisor of 3 and v?
3
Let y be 0 + 1/(2/6). Suppose 2*u = -3*k + 1, -5*u - y*k + 6 = k. Suppose 0 = -u*w + 4*w - 48. Calculate the highest common factor of w and 60.
12
Suppose -51 = -0*a - 3*a. Let c = 190 - 88. What is the highest common factor of c and a?
17
Let a(u) = u**2 - 15*u + 12. Let n be a(12). Let v be n/(-9)*(-6)/(-4) - -23. What is the greatest common factor of v and 9?
9
Let p(g) = g**3 - g**2 - 11. Let c be (-23)/92 + 1/4. Let a be p(c). Let i be (a/(-4))/((-2)/(-8)). Calculate the greatest common divisor of i and 44.
11
Let w be ((-8)/(-4))/(1/(-27)). Let b be 12/w + 902/9. Calculate the highest common divisor of b and 25.
25
Let g(o) be the third derivative of o**6/120 + 3*o**5/20 + 5*o**4/12 + 3*o**3 - 13*o**2. Let l be g(-8). What is the highest common factor of l and 4?
2
Suppose -7 = v - 28. Let l be (7 - (4 - 149)) + 10/(-2). Calculate the greatest common divisor of v and l.
21
Suppose 0 = -2*g - 11*g + 468. Let x be (-35)/(-7) + 5 + -2. Calculate the greatest common divisor of g and x.
4
Let t = 1051 - 765. What is the greatest common divisor of t and 78?
26
Let d be 8/(-36) + (-122)/18. Let g be -186 - (12*-1)/(-4). Let h be (5/3)/(d/g). What is the highest common divisor of h and 18?
9
Let t = 160 - 156. What is the highest common divisor of t and 16?
4
Let r = -41 + 74. Let y = r - 23. Let p(h) = -h**2 + 8*h + 3. Let g be p(6). What is the greatest common factor of g and y?
5
Let i be 1200/(-96)*4/(-5). Calculate the highest common factor of 25 and i.
5
Let k = -341 - -386. What is the greatest common divisor of 495 and k?
45
Suppose -164*n + 312 = -161*n. Let f(d) = -d**3 - 12*d**2 - 13*d - 9. Let v be f(-11). Calculate the highest common factor of v and n.
13
Let i be ((-3)/6)/(((-6)/(-4))/3). Let q be -1 + (79 + i)/2. Calculate the greatest common factor of 19 and q.
19
Let p be -1 + (24/4 - -346). Calculate the highest common divisor of 26 and p.
13
Let x(g) = -6*g - 171. Let r be x(-31). Calculate the highest common divisor of 10 and r.
5
Suppose 5*a - 29 = 2*u - 2, 2*a + 3*u = 26. Let o = 7 - a. Suppose -t = -o*t - 16. What is the highest common factor of t and 16?
16
Let u(i) = 2*i - 17*i**2 + i**3 - 15 + 11 - i. Let k be u(17). Calculate the highest common divisor of k and 13.
13
Let h = 1 + -5. Let g be 2 - 5 - (h - 2). Suppose -g*q + 10 + 5 = 0. What is the highest common factor of q and 20?
5
Let r be 4 + -1 + 1/1. Suppose 0 = r*z - 125 - 215. Let g be 15 + 1 + (-1 - -2). Calculate the highest common divisor of z and g.
17
Suppose 4*v + v - 4*b = 6, 9 = 4*v + b. Let d be (770/5)/(1/v). What is the greatest common factor of 28 and d?
28
Let z(o) = -3*o + 15. Let p be z(-13). Suppose -a = a, 3*f - p = 4*a. Let y(u) = u**3 - 4*u - 3. Let k be y(4). What is the greatest common divisor of k and f?
9
Let y be (-605)/(-30) + (-10)/60. Calculate the greatest common divisor of y and 52.
4
Suppose 3*a = -2*v + 128, -5*a - 17*v + 192 = -19*v. Calculate the highest common divisor of a and 56.
8
Suppose 4*m - 355 - 157 = 0. Suppose -9*o - 100 = -244. What is the highest common factor of m and o?
16
Suppose -2*c + 4*f = 3*f - 61, 5*c - 140 = 5*f. Calculate the highest common factor of 297 and c.
33
Suppose -5 = 5*i + 4*t - 32, -3*t = -3*i. What is the greatest common divisor of 111 and i?
3
Suppose 10*j - 81 = 7*j - 5*f, -3*f = -3*j + 105. Calculate the highest common divisor of j and 144.
16
Let g = -3 - 8. Let v be (-44)/(-6) - g/(-33). Let l be (-2)/3 - 130/(-6). What is the highest common divisor of l and v?
7
Let w(m) = -2*m**3 - 28*m**2 + 36*m + 22. Let k be w(-17). What is the greatest common divisor of 176 and k?
88
Let x = -16 - -22. Let b be ((-6)/(-10))/(7/35). Suppose -9*m = -b*m - 54. What is the greatest common factor of m and x?
3
Let q(y) = y**2 + 7*y + 56. Let x be q(-7). What is the highest common factor of x and 280?
56
Let j = 13 - 61. Suppose -5*m - 445 = -4*w + 2*w, 0 = m - 2*w + 97. Let l = j - m. Calculate the greatest common factor of 26 and l.
13
Let o be (-23 - -21)*(-36)/1. What is the greatest common divisor of 90 and o?
18
Let s = -23 - -13. Let q be 140 + 0 - (6 + s). Let z = -5 - -21. What is the highest common divisor of q and z?
16
Let l = 84 - 31. Let n = 69 - l. Calculate the highest common factor of n and 128.
16
Suppose 4*c = 2*c + 6. Suppose c*w + 2*i = 7*i - 9, -2*w - 4 = -4*i. Let o be (w/(-5))/((-2)/(-5)). Calculate the greatest common factor of 2 and o.
2
Suppose c + 1 = 3*h + 44, 2*h + 6 = -5*c. Let t(u) = u + 18. Let q be t(h). Suppose -q*d = -118 - 152. Calculate the greatest common divisor of 18 and d.
18
Suppose 22 = d + 3*h, 0 = -5*d - 2*h + 67 + 69. Suppose 395*p - 397*p + 28 = 0. What is the greatest common divisor of p and d?
14
Let t(m) = 27*m - 929. Let y be t(35). Calculate the greatest common divisor of 120 and y.
8
Let n(y) = y + 1. Let z(s) = 1 - 2 + 0 - 2*s + 0. Let g(o) = 5*n(o) + 6*z(o). Let f be g(-13). What is the highest common factor of f and 10?
10
Let o be 350/(-175)*14/(-4). What is the greatest common divisor of 1267 and o?
7
Suppose 0 = -6*m + 3*m - c + 32, -25 = -5*c. What is the highest common divisor of 21 and m?
3
Suppose -3*a + 157 = 53*m - 51*m, 3*m - 243 = -3*a. Calculate the highest common factor of 473 and m.
43
Let k(x) = -x**3 + 8*x**2 - 4*x + 7. Let p be (-4)/2 + 9/1. Let s be k(p). Let g be (1/5)/(2/70). Calculate the highest common divisor of s and g.
7
Suppose 12*v - 16*v = -680. What is the greatest common divisor of 68 and v?
34
Suppose 0 = -2*m + 17 + 51. Let q be 41 - 16 - (-16)/(-2). What is the highest common factor of q and m?
17
Let c be 4/(-6) - (-11)/3. Let g be (-9)/c + (33 - 1). Calculate the highest common factor of 58 and g.
29
Suppose f - 4 = 38. Let a be (-2)/(1 - -3)*(-3732)/311. Calculate the greatest common divisor of f and a.
6
Let t(r) = -r**3 + 11*r**2 + 14*r - 64. Let m be t(6). What is the greatest common divisor of 150 and m?
50
Let c be 3*(1 - 5 - -25). What is the greatest common factor of 252 and c?
63
Let p(b) = b**2 - 4*b + 140. Let z be p(22). Calculate the highest common factor of z and 8.
8
Let g be ((-3933)/(-46))/((30/8)/5). What is the highest common factor of 741 and g?
57
Suppose 0 = -5*i - 13 + 98. Suppose 0 = -7*f + 8*f - i. Let u = 47 + -30. What is the highest common divisor of u and f?
17
Suppose 4*h - 475 = 9*h. Let r = -51 - h. What is the highest common factor of r and 22?
22
Suppose 0 = 5*n + 3*u - 130 + 5, 3*n + 3*u - 81 = 0. Suppose -n = -3*s + s. Calculate the highest common factor of 77 and s.
11
Let j = 121 + -53. What is the greatest common divisor of 51 and j?
17
Let v(i) = i**2 + 4*i + 1. Let f be v(-3). Let g be 10*f/(-16)*4. Suppose -1 = -2*p + 49. What is the greatest common divisor of g and p?
5
Suppose 0*c - 112 = -5*i + 3*c, 4*i = -c + 76. Calculate the greatest common factor of 5 and i.
5
Let f(z) = 1 + 4 + 2*z - 9*z. Let k = -60 - -55. Let h be f(k). Calculate the greatest common divisor of h and 100.
20
Let i = 54 + -46. Let k = 2 - 0. Suppose k*n - 45 = -0*j + 3*j, 5*n = 4*j + 116. Calculate the greatest common factor of i and n.
8
Let y be (-96 + 18)/((-7)/5 + 1). What is the highest common factor of y and 130?
65
Let r be -5 - 7/(-1) - 0. Calculate the highest common factor of r and 58.
2
Let r(f) = -f**2 + 25*f - 33. Let a be r(22). Calculate the highest common factor of 187 and a.
11
Let g(x) = 2*x**2 - 12*x + 16. Let w be g(9). Let i(n) = 2*n**3 - 2*n**2 + 3*n. Let t be i(2). What is the highest common factor of t and w?
14
Let f = 376 + -121. Calculate the greatest common divisor of 51 and f.
51
Suppose 0 = -14*i + 9*i + 110. Let o be (4 + 0)*i/8. Calculate the highest common divisor of o and 77.
11
Suppose 0*r + 5 = 5*q + r, -3*r - 19 = -2*q. Suppose l - 179 = -q*w, -5*w + 347 = -4*l - 81. Calculate the highest common factor of w and 11.
11
Let o = -29 + 29. Let q be 22 - -3 - (o - -1). What is the highest common divisor of q and 6?
6
Let n be 4/(-10)*400/(-32). What is the highest common divisor of 110 and n?
5
Suppose 2*p - 2*c - 16 = 0, -4*p = -5*p + 3*c + 14. Suppose -z + 232 = -2*n, -p*z - 10*n + 1216 = -6*n. What is the greatest common factor of z and 30?
30
Suppose 0 = 22*h - 3678 + 774. Calculate the greate